{"id":3562,"date":"2025-08-20T13:55:11","date_gmt":"2025-08-20T13:55:11","guid":{"rendered":"https:\/\/firmaenvanteri.dersankoop.com\/?post_type=listing&#038;p=3562"},"modified":"2025-08-20T13:55:13","modified_gmt":"2025-08-20T13:55:13","slug":"nadir-ambalaj","status":"publish","type":"listing","link":"https:\/\/firmaenvanteri.dersankoop.com\/index.php\/listing\/nadir-ambalaj\/","title":{"rendered":"NAD\u0130R AMBALAJ"},"content":{"rendered":"<p>\u00d6zel etiket mendilleri gibi \u00f6zelle\u015ftirilmi\u015f, \u00f6zel etiketli \u0131slak mendilleri tasarlamak ve \u00fcretmek.<\/p>\n","protected":false},"author":8890,"featured_media":3563,"comment_status":"open","ping_status":"closed","template":"","meta":{"_srk_meta_title":"","_srk_meta_description":"","_srk_robots_meta":[],"_srk_canonical_url":"","_srk_advanced_settings":[],"_srk_last_sync":0},"listing-category":[203],"list-tags":[747,901,1492,1493,212,1091],"location":[25],"class_list":["post-3562","listing","type-listing","status-publish","has-post-thumbnail","hentry","listing-category-ambalaj-ve-paketleme","list-tags-etiket","list-tags-islak-mendil","list-tags-mendil","list-tags-ozel-etiket","list-tags-reklam","list-tags-uretim","location-ist"],"cubewp_post_meta":[],"taxonomies":["Ambalaj ve Paketleme","Etiket","ISLAK MEND\u0130L","MEND\u0130L","\u00d6ZEL ET\u0130KET","reklam","\u00fcretim","\u0130stanbul"],"_links":{"self":[{"href":"https:\/\/firmaenvanteri.dersankoop.com\/index.php\/wp-json\/wp\/v2\/listing\/3562","targetHints":{"allow":["GET"]}}],"collection":[{"href":"https:\/\/firmaenvanteri.dersankoop.com\/index.php\/wp-json\/wp\/v2\/listing"}],"about":[{"href":"https:\/\/firmaenvanteri.dersankoop.com\/index.php\/wp-json\/wp\/v2\/types\/listing"}],"author":[{"embeddable":true,"href":"https:\/\/firmaenvanteri.dersankoop.com\/index.php\/wp-json\/wp\/v2\/users\/8890"}],"replies":[{"embeddable":true,"href":"https:\/\/firmaenvanteri.dersankoop.com\/index.php\/wp-json\/wp\/v2\/comments?post=3562"}],"wp:featuredmedia":[{"embeddable":true,"href":"https:\/\/firmaenvanteri.dersankoop.com\/index.php\/wp-json\/wp\/v2\/media\/3563"}],"wp:attachment":[{"href":"https:\/\/firmaenvanteri.dersankoop.com\/index.php\/wp-json\/wp\/v2\/media?parent=3562"}],"wp:term":[{"taxonomy":"listing-category","embeddable":true,"href":"https:\/\/firmaenvanteri.dersankoop.com\/index.php\/wp-json\/wp\/v2\/listing-category?post=3562"},{"taxonomy":"list-tags","embeddable":true,"href":"https:\/\/firmaenvanteri.dersankoop.com\/index.php\/wp-json\/wp\/v2\/list-tags?post=3562"},{"taxonomy":"location","embeddable":true,"href":"https:\/\/firmaenvanteri.dersankoop.com\/index.php\/wp-json\/wp\/v2\/location?post=3562"}],"curies":[{"name":"wp","href":"https:\/\/api.w.org\/{rel}","templated":true}]}}

NADİR AMBALAJ

<p>Özel etiket mendilleri gibi özelleştirilmiş, özel etiketli ıslak mendilleri tasarlamak ve üretmek.</p>

ISLAK MENDİL

MENDİL

ÖZEL ETİKET

üretim

İstanbul
